r of 45922?
False
Does 9 divide 2520?
True
Does 67 divide 670?
True
Does 17 divide 1908?
False
Is 64 a multiple of 9?
False
Is 185 a multiple of 4?
False
Does 4 divide 455?
False
Does 68 divide 952?
True
Is 20 a factor of 40480?
True
Is 98 a multiple of 2?
True
Does 95 divide 285?
True
Is 200 a multiple of 6?
False
Is 2 a factor of 334?
True
Is 96 a factor of 9024?
True
Is 14 a factor of 13762?
True
Is 2578 a multiple of 8?
False
Does 11 divide 48137?
False
Does 11 divide 31329?
False
Does 9 divide 1346?
False
Is 660 a multiple of 60?
True
Is 39 a factor of 71162?
False
Is 976 a multiple of 63?
False
Does 39 divide 5129?
False
Is 3190 a multiple of 29?
True
Is 5504 a multiple of 128?
True
Is 1246 a multiple of 19?
False
Is 13 a factor of 1683?
False
Is 22837 a multiple of 10?
False
Is 895 a multiple of 10?
False
Is 58 a factor of 1081?
False
Does 11 divide 4735?
False
Is 13 a factor of 1062?
False
Is 3022 a multiple of 17?
False
Does 20 divide 8320?
True
Does 68 divide 6256?
True
Is 17 a factor of 1030?
False
Is 71 a factor of 2911?
True
Is 28 a multiple of 4?
True
Is 1092 a multiple of 42?
True
Is 29174 a multiple of 58?
True
Does 17 divide 20298?
True
Does 53 divide 5459?
True
Is 10 a factor of 530?
True
Does 62 divide 310?
True
Does 71 divide 79?
False
Is 18 a factor of 2106?
True
Is 40181 a multiple of 23?
True
Is 12 a factor of 1956?
True
Does 16 divide 26946?
False
Is 31 a factor of 70835?
True
Does 33 divide 833?
False
Is 192 a multiple of 8?
True
Is 117 a factor of 2925?
True
Does 2 divide 104?
True
Is 6567 a multiple of 33?
True
Is 467 a multiple of 4?
False
Is 47 a factor of 1410?
True
Does 101 divide 26420?
False
Is 38 a factor of 8750?
False
Is 22 a factor of 56990?
False
Is 8 a factor of 6976?
True
Is 99 a factor of 17523?
True
Is 16 a factor of 336?
True
Is 9164 a multiple of 29?
True
Is 15 a factor of 1980?
True
Is 16 a multiple of 16?
True
Does 435 divide 88740?
True
Does 8 divide 32?
True
Does 23 divide 9959?
True
Is 31 a factor of 9956?
False
Does 16 divide 704?
True
Is 10987 a multiple of 24?
False
Is 5 a factor of 2026?
False
Is 4 a factor of 208?
True
Is 18 a factor of 4896?
True
Is 132 a multiple of 6?
True
Is 6018 a multiple of 17?
True
Does 62 divide 2666?
True
Is 9 a factor of 495?
True
Is 182 a multiple of 12?
False
Is 53748 a multiple of 12?
True
Is 71 a factor of 3776?
False
Does 2 divide 17097?
False
Is 87 a factor of 7604?
False
Does 107 divide 55105?
True
Is 41740 a multiple of 20?
True
Does 146 divide 1457?
False
Does 16 divide 608?
True
Does 25 divide 2450?
True
Does 71 divide 12709?
True
Is 27 a factor of 443?
False
Is 2653 a multiple of 47?
False
Does 59 divide 2153?
False
Does 18 divide 774?
True
Is 3874 a multiple of 38?
False
Is 1336 a multiple of 3?
False
Is 22 a factor of 3048?
False
Does 113 divide 10509?
True
Does 32 divide 512?
True
Does 4 divide 1380?
True
Does 23 divide 1807?
False
Does 58 divide 627?
False
Does 15 divide 15045?
True
Does 10 divide 240?
True
Is 11 a factor of 3905?
True
Is 39 a factor of 34515?
True
Is 26 a factor of 443?
False
Is 101 a multiple of 46?
False
Is 2340 a multiple of 65?
True
Is 28 a multiple of 4?
True
Does 48 divide 42144?
True
Does 79 divide 17617?
True
Does 15 divide 420?
True
Is 164 a factor of 5724?
False
Is 1071 a multiple of 9?
True
Is 21 a factor of 105?
True
Is 380 a multiple of 37?
False
Is 24 a factor of 3861?
False
Is 51 a factor of 4845?
True
Is 12 a factor of 5904?
True
Is 89 a multiple of 8?
False
Does 38 divide 570?
True
Is 9775 a multiple of 197?
False
Is 13 a factor of 65?
True
Does 19 divide 6213?
True
Is 51381 a multiple of 7?
False
Is 5341 a multiple of 109?
True
Is 28984 a multiple of 7?
False
Does 53 divide 471?
False
Does 116 divide 2733?
False
Is 3123 a multiple of 6?
False
Is 1991 a multiple of 11?
True
Is 409 a multiple of 22?
False
Is 21 a factor of 7653?
False
Is 2 a factor of 3?
False
Is 615 a multiple of 41?
True
Is 88 a factor of 8366?
False
Is 9 a factor of 40680?
True
Does 10 divide 576?
False
Is 4437 a multiple of 178?
False
Is 8 a factor of 1778?
False
Is 55 a factor of 3190?
True
Is 11583 a multiple of 39?
True
Is 76 a factor of 1630?
False
Does 222 divide 49000?
False
Is 109 a factor of 1739?
False
Is 16 a factor of 2092?
False
Is 78 a factor of 2340?
True
Is 33 a factor of 5445?
True
Is 3403 a multiple of 130?
False
Is 41 a factor of 8366?
False
Is 105 a factor of 24174?
False
Is 19 a factor of 13358?
False
Is 56170 a multiple of 10?
True
Is 34619 a multiple of 40?
False
Is 666 a multiple of 74?
True
Does 3 divide 588?
True
Is 50 a factor of 800?
True
Does 179 divide 8833?
False
Does 21 divide 490?
False
Is 4 a factor of 384?
True
Is 6 a factor of 454?
False
Is 19 a factor of 2109?
True
Is 5104 a multiple of 44?
True
Does 44 divide 1559?
False
Is 58 a factor of 14558?
True
Is 10 a factor of 410?
True
Does 78 divide 2340?
True
Does 7 divide 4103?
False
Is 23835 a multiple of 5?
True
Does 18 divide 1272?
False
Is 750 a multiple of 75?
True
Is 655 a multiple of 7?
False
Does 114 divide 26562?
True
Does 10 divide 2148?
False
Is 3 a factor of 66?
True
Is 1024 a multiple of 8?
True
Is 42 a factor of 13078?
False
Does 2 divide 156?
True
Does 92 divide 552?
True
Does 220 divide 77880?
True
Is 13 a factor of 106603?
False
Is 3100 a multiple of 13?
False
Is 11 a factor of 31203?
False
Is 55 a factor of 557?
False
Does 9 divide 5643?
True
Does 79 divide 587?
False
Does 6 divide 2472?
True
Is 278 a multiple of 36?
False
Is 9 a factor of 1210?
False
Does 107 divide 2414?
False
Is 18 a factor of 972?
True
Does 17 divide 2707?
False
Does 68 divide 2108?
True
Is 551 a multiple of 52?
False
Is 2 a factor of 84?
True
Does 76 divide 3468?
False
Does 54 divide 216?
True
Does 4 divide 84?
True
Is 17 a factor of 1290?
False
Is 164 a factor of 3147?
False
Is 60 a factor of 1168?
False
Does 13 divide 39208?
True
Is 15543 a multiple of 31?
False
Is 13 a factor of 14430?
True
Is 2 a factor of 6326?
True
Is 124 a factor of 116808?
True
Is 10 a factor of 27169?
False
Does 36 divide 12456?
True
Does 3 divide 276?
True
Is 277 a multiple of 23?
False
Is 784 a multiple of 6?
False
Is 3 a factor of 3545?
False
Does 15 divide 276?
False
Is 37697 a multiple of 10?
False
Is 11081 a multiple of 13?
False
Is 34814 a multiple of 26?
True
Does 6 divide 72?
True
Does 6 divide 28902?
True
Is 87 a factor of 5133?
True
Does 15 divide 169?
False
Does 27 divide 12608?
False
Does 52 divide 3879?
False
Is 12 a factor of 1224?
True
Is 11 a factor of 7659?
False
Is 812 a multiple of 13?
False
Is 2 a factor of 6?
True
Does 19 divide 10906?
True
Is 21620 a multiple of 10?
True
Is 10950 a multiple of 146?
True
Is 39 a factor of 1521?
True
Does 260 divide 25695?
False
Does 28 divide 1428?
True
Is 4968 a multiple of 72?
True
Is 46 a factor of 946?
False
Does 27 divide 60048?
True
Is 16848 a multiple of 104?
True
Does 24 divide 10497?
False
Is 19 a factor of 1198?
False
Does 28 divide 504?
True
Is 35 a factor of 245?
True
Is 7168 a multiple of 256?
True
Is 34 a factor of 170?
True
Does 24 divide 21432?
True
Is 3 a factor of 29?
False
Does 158 divide 4609?
False
Does 9 divide 53?
False
Does 98 divide 10275?
False
Does 11 divide 1430?
True
Does 60 divide 12559?
False
Is 1414 a multiple of 7?
True
Is 10 a factor of 942?
False
Does 14 divide 262?
False
Is 2060 a multiple of 4?
True
Is 10 a factor of 29441?
False
Is 609 a multiple of 29?
True
Is 615 a multiple of 85?
False
Is 3525 a multiple of 75?
True
Is 24857 a multiple of 53?
True
Is 106 a multiple of 16?
False
Is 16 a factor of 2976?
True
Does 8 divide 9829?
False
Is 36 a factor of 136675?
False
Does 96 divide 159936?
True
Is 40 a factor of 77080?
True
Is 80 a multiple of 20?
True
Is 11223 a multiple of 9?
True
Does 6 divide 8244?
True
Does 31 divide 1395?
True
Is 10980 a multiple of 15?
True
Is 434 a factor of 21700?
True
Is 68 a factor of 21584?
False
Is 183 a multiple of 14?
False
Does 182 divide 17654?
True
Does 54 divide 2376?
True
Is 37 a factor of 6167?
False
Is 50 a factor of 1750?
True
Does 114 divide 4902?
True
Is 5 a factor of 706?
False
Is 47 a multiple of 2?
False
Does 169 divide 19435?
True
Is 524 a multiple of 3?
False
Is 12 a factor of 1212?
True
Is 392 a multiple of 28?
True
Does 16 divide 60?
False
Is 98126 a mul